base 3) in base 2?
10000110111111110
What is 21a450 (base 11) in base 10?
350592
-55055043 (base 7) to base 3
-22212210020010
What is 1554434214 (base 6) in base 14?
29524ca
What is -36959b (base 12) in base 16?
-d8a07
What is 15816 (base 16) in base 14?
2415c
What is -130436 (base 8) in base 5?
-2422332
Convert -fb8e2 (base 16) to base 11.
-644150
What is 12124003 (base 6) in base 10?
384483
Convert -26376 (base 8) to base 7.
-45403
What is 1010411200 (base 5) in base 3?
10211212121002
Convert -579d42 (base 16) to base 6.
-323022454
Convert 1453351 (base 7) to base 3.
101001201211
Convert -424343133 (base 5) to base 4.
-12311320013
Convert 1d044 (base 15) to base 13.
34072
Convert -43561121 (base 7) to base 12.
-130797b
3374605 (base 9) to base 5
431231204
What is -643217 (base 8) in base 10?
-214671
Convert -6672743 (base 10) to base 7.
-110501030
What is 12327 (base 13) in base 6?
415023
What is 6275068 (base 9) in base 3?
20022112002022
Convert -1114726 (base 13) to base 14.
-9a4598
What is -1656a7 (base 14) in base 10?
-783363
What is -3c859 (base 13) in base 5?
-12112343
Convert -1b1a3a1 (base 14) to base 2.
-110011100010110111111001
-22202201000221 (base 3) to base 15
-6206e4
What is -22443420 (base 5) in base 4?
-301203221
Convert 101001001111100100011 (base 2) to base 5.
321221314
156504626 (base 7) to base 16
a2dfd3
What is -100021112022102 (base 3) in base 10?
-4931183
What is 1230212321 (base 5) in base 13?
802731
-1425044 (base 7) to base 2
-101110101111000010
3236018 (base 9) to base 2
110100111111100101111
Convert 111011000011100001 (base 2) to base 15.
4ba0e
What is -3134242 (base 5) in base 6?
-1042451
-439784 (base 12) to base 10
-1074196
Convert -121012022111 (base 3) to base 12.
-1345aa
Convert -4b36b (base 15) to base 4.
-322230101
-1891974 (base 14) to base 13
-26a7090
Convert 11212021012 (base 3) to base 16.
175cd
Convert 7a47c7 (base 13) to base 16.
2c2bcb
-11541542 (base 7) to base 12
-41b275
Convert a6c43 (base 15) to base 7.
4333020
What is -4650721 (base 9) in base 10?
-2513449
122301103 (base 5) to base 2
10001111011110000101
Convert ad0db (base 16) to base 14.
146467
2222222122 (base 3) to base 6
1133155
Convert 18a2c1 (base 13) to base 6.
21200434
-40224341 (base 5) to base 6
-10512124
What is 1435211 (base 6) in base 15?
19807
Convert -22ddde (base 16) to base 15.
-30209c
Convert -100110111001010001 (base 2) to base 5.
-20044223
Convert 1011202121 (base 4) to base 14.
75b29
What is a89b9 (base 14) in base 10?
408039
Convert -eae88 (base 15) to base 7.
-6224165
What is -102205444 (base 7) in base 3?
-102100122100211
Convert -145c3a (base 16) to base 11.
-831558
What is 105351 (base 8) in base 5?
2114221
Convert -111010100001101001010011 (base 2) to base 7.
-244256224
14022225 (base 6) to base 10
469673
Convert 25768 (base 9) to base 15.
524b
Convert -181517 (base 9) to base 13.
-3c3a3
What is -621d (base 14) in base 7?
-100136
-14333222130 (base 5) to base 6
-1520023412
What is -5cbc9a (base 13) in base 16?
-21f56f
Convert 13a72 (base 12) to base 6.
331022
What is -590425 (base 12) in base 14?
-293901
Convert 1aacdc4 (base 14) to base 4.
302311303200
Convert -4454031 (base 6) to base 10.
-225091
What is 11020102020 (base 3) in base 8?
242721
-361112 (base 8) to base 13
-44275
What is 13bc3b (base 15) in base 16?
e835b
-90686 (base 16) to base 4
-2100122012
6404104 (base 7) to base 16
bd193
-1201121001210 (base 3) to base 8
-3377212
What is 2116670 (base 8) in base 9?
1050514
Convert 6720553 (base 8) to base 5.
430421140
What is -21011221210110 (base 3) in base 4?
-32210002113
Convert -46005 (base 8) to base 5.
-1110321
-1001100111110111 (base 2) to base 13
-14c2c
What is 7626991 (base 10) in base 4?
131012003233
Convert -89d97 (base 14) to base 8.
-1215561
Convert -47573a (base 11) to base 2.
-10111000001000111100
Convert -3767880 (base 9) to base 7.
-23310000
What is -494807 (base 11) in base 6?
-24433344
What is -5ad050 (base 14) in base 9?
-5757688
Convert c0045 (base 14) to base 7.
3630115
What is 4483280 (base 9) in base 6?
123445113
Convert -21021111010 (base 3) to base 6.
-3023050
What is 405243 (base 7) in base 10?
69072
7e3e5 (base 15) to base 6
12343255
What is -1166110 (base 8) in base 12?
-136860
-1607744 (base 10) to base 2
-110001000100001000000
100110001110010010001100 (base 2) to base 6
554432444
74978a (base 13) to base 10
2734365
Convert 4231001 (base 6) to base 7.
1516255
-133454 (base 7) to base 12
-12762
What is 10100110010110110110110 (base 2) in base 8?
24626666
What is 330ab2 (base 12) in base 11?
503857
What is ad522 (base 16) in base 14?
146a0a
What is -1204113201 (base 5) in base 7?
-32544221
What is 25849 (base 11) in base 14?
d67c
Convert 2a4171 (base 14) to base 5.
334033304
What is -12053412 (base 6) in base 3?
-201022222122
What is -962b9a (base 12) in base 4?
-21002120212
Convert 34025051 (base 6) to base 3.
1221100002011
What is 202202120201 (base 3) in base 13?
114019
-3140320 (base 6) to base 16
-255d8
Convert 2221211210 (base 3) to base 15.
123a6
What is 1444285 (base 11) in base 8?
11353564
What is -59a22 (base 14) in base 5?
-24000031
Convert -1ab31d8 (base 14) to base 8.
-62704532
What is -228b66 (base 15) in base 7?
-20010150
What is 31341243 (base 6) in base 14?
19b7bd
180b62 (base 12) to base 16
65a7a
What is -5642670 (base 8) in base 3?
-2212111011000
What is 106862 (base 12) in base 7?
2133155
Convert 23013202321 (base 4) to base 2.
1011000111100010111001
What is 20300032 (base 4) in base 15?
a954
-33130021 (base 4) to base 6
-1204441
1010111000101101001 (base 2) to base 9
603277
Convert b6533 (base 14) to base 7.
3511663
Convert 13443513 (base 6) to base 5.
104111104
111605263 (base 7) to base 4
121332101311
What is 422303550 (base 6) in base 13?
16bc444
Convert -23222232 (base 4) to base 6.
-1005130
What is -140735 (base 8) in base 2?
-1100000111011101
Convert -3223012223 (base 4) to base 16.
-eb1ab
What is -274339 (base 11) in base 6?
-13120114
What is -69793 (base 10) in base 9?
-115657
Convert 24520144 (base 6) to base 10.
788032
What is 22a76ca (base 13) in base 4?
220303322011
What is -24004040 (base 5) in base 16?
-35886
-414520 (base 9) to base 14
-65984
What is -16052b3 (base 12) in base 14?
-84b823
-35754 (base 14) to base 13
-4748b
-806178 (base 11) to base 4
-10330203120
Convert 7929af (base 16) to base 2.
11110010010100110101111
Convert -240421221 (base 5) to base 12.
-455032
Convert -15249025 (base 10) to base 4.
-322022322001
Convert -17203 (base 16) to base 9.
-153837
1110300102 (base 4) to base 2
1010100110000010010
What is -5113166 (base 9) in base 2?
-1010011001010100010111
What is -105691b (base 14) in base 4?
-131201213131
What is -234100122 (base 5) in base 7?
-12122304
Convert 20020204 (base 5) to base 10.
157554
Convert 10a4c21 (base 15) to base 9.
24366634
What is 1729d (base 16) in base 12?
46aa5
What is 1132505 (base 6) in base 2?
1110011000111001
-10100011011001100011 (base 2) to base 10
-669283
-4400323 (base 5) to base 11
-51462
22172 (base 9) to base 11
10078
What is 3671c6 (base 14) in base 5?
434113141
What is 15997 (base 14) in base 16?
d311
Convert 49a231 (base 16) to base 4.
102122020301
Convert -453254333 (base 6) to base 8.
-37456061
Convert -14162543 (base 7) to base 15.
-1b2eae
-1022444323 (base 5) to base 7
-24220223
What is 162912b (base 14) in base 4?
221122330003
4362833 (base 11) to base 15
a14d74
What is 21013213001 (base 4) in base 8?
11074701
What is -200a88 (base 11) in base 5?
-40322113
-a980b3 (base 12) to base 16
-290787
Convert 25c52 (base 15) to base 16.
1d846
Convert -63272 (base 12) to base 3.
-20121021212
Convert -214330101 (base 5) to base 13.
-26897b
Convert -99357 (base 13) to base 14.
-73145
What is 1005206 (base 7) in base 5?
12310333
20020550 (base 6) to base 9
1046753
What is 165746 (base 16) in base 4?
11211131012
Convert -8653893 (base 10) to base 9.
-17248816
What is 401440014 (base 5) in base 4?
12010330232
14015421 (base 6) to base 14
c2d49
Convert 210485 (base 11) to base 16.
525a8
20640 (base 12) to base 16
a590
Convert -3369338 (base 11) to base 15.
-7b7895
22120112000 (base 3) to base 2
101001001101001001
Convert -5152773 (base 10) to base 16.
-4ea005
What is 14051a2 (base 12) in base 5?
201